{"id":973,"date":"2014-09-24T23:57:58","date_gmt":"2014-09-24T21:57:58","guid":{"rendered":"http:\/\/setsign.de\/wordpress\/?page_id=973"},"modified":"2016-03-11T00:14:31","modified_gmt":"2016-03-10T22:14:31","slug":"kickstarter-warm-up-2","status":"publish","type":"page","link":"http:\/\/setsign.de\/wordpress\/?page_id=973","title":{"rendered":"Kickstarter Warm-Up"},"content":{"rendered":"<h3 style=\"text-align: left;\"><strong>Sei einer der ersten, der informiert wird, wenn unsere Kickstarter Kampagne beginnt, und als Dankesch\u00f6n gewinnst du ein Exemplar der zweiten Auflage von RYCE: Empire of Sand!<\/strong><\/h3>\n<p><span style=\"color: #000000;\">Die Erstauflage von <strong>RYCE: Empire of Sand<\/strong> ist ausverkauft, und wir haben ein \u00fcberw\u00e4ltigendes Feedback von den ersten K\u00e4ufern erhalten. Auf Boardgamegeek haben wir zum Beispiel eine Bewertung von<strong> 7,18 \/ 10 <\/strong>(M\u00e4rz 2016) erhalten! Aber auch die vielen &#8222;Gef\u00e4llt mir&#8220;-Angaben und Newsletter-Anmeldungen zeigen uns, das wir auf dem richtigen Weg sind.<\/span><\/p>\n<p><img loading=\"lazy\" decoding=\"async\" class=\"size-medium wp-image-911 alignleft\" src=\"http:\/\/setsign.de\/wordpress\/wp-content\/uploads\/2014\/08\/ryce_essen2014_3-225x300.jpg\" alt=\"[cml_media_alt id='911']ryce_essen2014_3[\/cml_media_alt]\" width=\"225\" height=\"300\" srcset=\"http:\/\/setsign.de\/wordpress\/wp-content\/uploads\/2014\/08\/ryce_essen2014_3-225x300.jpg 225w, http:\/\/setsign.de\/wordpress\/wp-content\/uploads\/2014\/08\/ryce_essen2014_3-768x1024.jpg 768w\" sizes=\"auto, (max-width: 225px) 100vw, 225px\" \/>Wir haben viele, viele Stunden mit der manuellen Produktion der Erstauflage verbracht, aber leider sind wir nicht in der Lage eine gro\u00dfe Anzahl von Exemplaren \u00fcber diesen Prozess herzustellen. Als Kleinstverlag brauchen wir daher <span style=\"text-decoration: underline;\"><strong>deine<\/strong><\/span> Unterst\u00fctzung, um den n\u00e4chsten Schritt zu erreichen: die zweite (gro\u00dfe) Auflage von <strong>RYCE: Empire of Sand<\/strong>.<\/p>\n<p>We planen eine Kickstarter Kampagne in<strong> Q2\/2017<\/strong> mit Fr\u00fchbucherrabatten und einigen speziellen limitierten Angeboten (handbemalte, handgemachte Figuren etc.). Bitte unterst\u00fctze uns, in dem du schon heute bei unserem<strong> Kickstarter Warm-Up<\/strong> mitmachst!<\/p>\n<p>Was hei\u00dft das genau? Wir m\u00f6chten dich gerne informieren, wenn unsere Kickstarter Kampagne startet. Daf\u00fcr ben\u00f6tigen wir deine E-Mailadresse und dein ok, dass wir dir schreiben d\u00fcrfen. (Keine Sorge, wir geben deine Daten nicht an Dritte weiter!) Als Dankesch\u00f6n losen wir unter allen Teilnehmern unseres Kickstarter Warm-Ups ein Exemplar der zweiten Auflage von<strong> RYCE: Empire of Sand <\/strong>aus. Der oder die Gl\u00fcckliche wird dann ihr\/sein Kickstarter-Exemplar kostenlos bekommen. Au\u00dferdem \u00fcberlegen wir uns noch weitere Gewinne, die wir unter allen Teilnehmern verlosen, wenn bestimmte Bedingungen erf\u00fcllt werden. Z.B. 500 Newsletter-Anmeldungen etc.<\/p>\n<p>Bitte unterst\u00fctze uns, mit deiner <a title=\"Newsletter\" href=\"http:\/\/setsign.de\/wordpress\/?page_id=259&amp;lang=de_DE\">Anmeldung zu unserem Newsletter<\/a>, und du wirst einer der ersten sein, die wir \u00fcber die Kickstarter Kampagne informieren, und damit erh\u00e4lst du die M\u00f6glichkeit, die g\u00fcnstigen Fr\u00fchbucherkonditionen oder auch die speziellen, limitierten Angebote zu sichern. Und vielleicht bist du auch der oder die Gl\u00fcckliche, die ein Exemplar der zweiten Auflage von RYCE: Empire of Sand gewinnt.<br \/>\n<strong><br \/>\nVielen Dank!<br \/>\n<\/strong><\/p>\n","protected":false},"excerpt":{"rendered":"<p>Sei einer der ersten, der informiert wird, wenn unsere Kickstarter Kampagne beginnt, und als Dankesch\u00f6n gewinnst du ein Exemplar der [&hellip;]<\/p>\n","protected":false},"author":2,"featured_media":0,"parent":0,"menu_order":0,"comment_status":"open","ping_status":"open","template":"","meta":{"_exactmetrics_skip_tracking":false,"_exactmetrics_sitenote_active":false,"_exactmetrics_sitenote_note":"","_exactmetrics_sitenote_category":0,"site-sidebar-layout":"default","site-content-layout":"","ast-site-content-layout":"default","site-content-style":"default","site-sidebar-style":"default","ast-global-header-display":"","ast-banner-title-visibility":"","ast-main-header-display":"","ast-hfb-above-header-display":"","ast-hfb-below-header-display":"","ast-hfb-mobile-header-display":"","site-post-title":"","ast-breadcrumbs-content":"","ast-featured-img":"","footer-sml-layout":"","ast-disable-related-posts":"","theme-transparent-header-meta":"","adv-header-id-meta":"","stick-header-meta":"","header-above-stick-meta":"","header-main-stick-meta":"","header-below-stick-meta":"","astra-migrate-meta-layouts":"default","ast-page-background-enabled":"default","ast-page-background-meta":{"desktop":{"background-color":"var(--ast-global-color-5)","background-image":"","background-repeat":"repeat","background-position":"center center","background-size":"auto","background-attachment":"scroll","background-type":"","background-media":"","overlay-type":"","overlay-color":"","overlay-opacity":"","overlay-gradient":""},"tablet":{"background-color":"","background-image":"","background-repeat":"repeat","background-position":"center center","background-size":"auto","background-attachment":"scroll","background-type":"","background-media":"","overlay-type":"","overlay-color":"","overlay-opacity":"","overlay-gradient":""},"mobile":{"background-color":"","background-image":"","background-repeat":"repeat","background-position":"center center","background-size":"auto","background-attachment":"scroll","background-type":"","background-media":"","overlay-type":"","overlay-color":"","overlay-opacity":"","overlay-gradient":""}},"ast-content-background-meta":{"desktop":{"background-color":"var(--ast-global-color-4)","background-image":"","background-repeat":"repeat","background-position":"center center","background-size":"auto","background-attachment":"scroll","background-type":"","background-media":"","overlay-type":"","overlay-color":"","overlay-opacity":"","overlay-gradient":""},"tablet":{"background-color":"var(--ast-global-color-4)","background-image":"","background-repeat":"repeat","background-position":"center center","background-size":"auto","background-attachment":"scroll","background-type":"","background-media":"","overlay-type":"","overlay-color":"","overlay-opacity":"","overlay-gradient":""},"mobile":{"background-color":"var(--ast-global-color-4)","background-image":"","background-repeat":"repeat","background-position":"center center","background-size":"auto","background-attachment":"scroll","background-type":"","background-media":"","overlay-type":"","overlay-color":"","overlay-opacity":"","overlay-gradient":""}},"footnotes":""},"class_list":["post-973","page","type-page","status-publish","hentry"],"_links":{"self":[{"href":"http:\/\/setsign.de\/wordpress\/index.php?rest_route=\/wp\/v2\/pages\/973","targetHints":{"allow":["GET"]}}],"collection":[{"href":"http:\/\/setsign.de\/wordpress\/index.php?rest_route=\/wp\/v2\/pages"}],"about":[{"href":"http:\/\/setsign.de\/wordpress\/index.php?rest_route=\/wp\/v2\/types\/page"}],"author":[{"embeddable":true,"href":"http:\/\/setsign.de\/wordpress\/index.php?rest_route=\/wp\/v2\/users\/2"}],"replies":[{"embeddable":true,"href":"http:\/\/setsign.de\/wordpress\/index.php?rest_route=%2Fwp%2Fv2%2Fcomments&post=973"}],"version-history":[{"count":9,"href":"http:\/\/setsign.de\/wordpress\/index.php?rest_route=\/wp\/v2\/pages\/973\/revisions"}],"predecessor-version":[{"id":1088,"href":"http:\/\/setsign.de\/wordpress\/index.php?rest_route=\/wp\/v2\/pages\/973\/revisions\/1088"}],"wp:attachment":[{"href":"http:\/\/setsign.de\/wordpress\/index.php?rest_route=%2Fwp%2Fv2%2Fmedia&parent=973"}],"curies":[{"name":"wp","href":"https:\/\/api.w.org\/{rel}","templated":true}]}}